{"id":15,"date":"2024-01-03T17:06:29","date_gmt":"2024-01-03T16:06:29","guid":{"rendered":"https:\/\/slatys.com\/?page_id=15"},"modified":"2024-01-12T15:27:36","modified_gmt":"2024-01-12T14:27:36","slug":"nos-valeurs","status":"publish","type":"page","link":"https:\/\/slatys.com\/index.php\/nos-valeurs\/","title":{"rendered":"Nos valeurs"},"content":{"rendered":"<!--themify_builder_content-->\n<div id=\"themify_builder_content-15\" data-postid=\"15\" class=\"themify_builder_content themify_builder_content-15 themify_builder tf_clear\">\n    \t\t\t\t<div  data-css_id=\"egul718\" data-lazy=\"1\" class=\"module_row themify_builder_row fullwidth tb_egul718 tb_first tf_w\">\n\t\t\t\t\t\t<div class=\"row_inner col_align_top tb_col_count_1 tf_box tf_rel\">\n\t\t\t\t\t\t<div  data-lazy=\"1\" class=\"module_column tb-column col-full tb_y9ri718 first\">\n\t\t\t\t\t<!-- module text -->\n<div  class=\"module module-text tb_g5lc352   \" data-lazy=\"1\">\n\t    <div  class=\"tb_text_wrap\">\n\t\t<h1 style=\"text-align: center;\">Nos valeurs<\/h1>    <\/div>\n<\/div>\n<!-- \/module text -->\t\t<\/div>\n\t\t\t\t\t\t<\/div>\n\t\t<\/div>\n\t\t\t\t\t\t<div  data-css_id=\"eir3608\" data-lazy=\"1\" class=\"module_row themify_builder_row fullwidth tb_eir3608 tf_w\">\n\t\t\t\t\t\t<div class=\"row_inner col_align_top tb_col_count_1 tf_box tf_rel\">\n\t\t\t\t\t\t<div  data-lazy=\"1\" class=\"module_column tb-column col-full tb_0hx7608 first\">\n\t\t\t\t\t<!-- module text -->\n<div  class=\"module module-text tb_q1bj857   \" data-lazy=\"1\">\n\t    <div  class=\"tb_text_wrap\">\n\t\t<p style=\"margin-bottom: 1.5em; padding: 0px; text-align: center;\">Nous croyons fermement que la&nbsp;<span style=\"font-weight: 600;\">r\u00e9ussite d\u2019une transformation IT est indissociable de l\u2019\u00e9volution organisationnelle<\/span>, car l\u2019un ne va jamais sans l\u2019autre.<\/p>\n<p style=\"text-align: center; margin-bottom: 1.5em;\">Nous pla\u00e7ons l\u2019<span style=\"font-weight: 600;\">humain au centre<\/span>&nbsp;de nos pr\u00e9occupations, reconnaissant que chaque collaborateur est une pi\u00e8ce ma\u00eetresse dans l\u2019ensemble complexe de votre organisation. Port\u00e9s par notre engagement \u00e0 guider, transmettre et accompagner vers la r\u00e9ussite, nous percevons chaque \u00e9tape comme une opportunit\u00e9 de&nbsp;<span style=\"font-weight: 600;\">renforcer vos \u00e9quipes<\/span>.<\/p>\n<p style=\"text-align: center; margin-bottom: 1.5em;\">Parall\u00e8lement, nous accordons une&nbsp;<span style=\"font-weight: 600;\">attention particuli\u00e8re aux processus<\/span>, consid\u00e9rant qu\u2019une optimisation efficace n\u00e9cessite une&nbsp;<span style=\"font-weight: 600;\">compr\u00e9hension approfondie<\/span>&nbsp;des flux de travail et des m\u00e9thodes op\u00e9rationnelles.<\/p>\n<p class=\"has-text-align-left has-accent-color has-text-color has-link-color wp-elements-1f0cb1c261269ea2fd49043964806e2a\" style=\"text-align: center; margin-bottom: 1.5em;\">C\u2019est en fusionnant l\u2019aspect humain avec une analyse rigoureuse des processus que nous fa\u00e7onnons des solutions sur mesure pour votre transformation.<\/p>    <\/div>\n<\/div>\n<!-- \/module text -->\t\t<\/div>\n\t\t\t\t\t\t<\/div>\n\t\t<\/div>\n\t\t\t\t\t\t<div  data-css_id=\"xi5j725\" data-lazy=\"1\" class=\"module_row themify_builder_row fullwidth tb_xi5j725 tf_w\">\n\t\t\t\t\t\t<div class=\"row_inner col_align_top tb_col_count_1 tf_box tf_rel\">\n\t\t\t\t\t\t<div  data-lazy=\"1\" class=\"module_column tb-column col-full tb_k2sx725 first\">\n\t\t\t\t\t\t\t<\/div>\n\t\t\t\t\t\t<\/div>\n\t\t<\/div>\n\t\t\t\t\t\t<div  data-css_id=\"s7x665\" data-lazy=\"1\" class=\"module_row themify_builder_row fullwidth tb_s7x665 tf_w\">\n\t\t\t\t\t\t<div class=\"row_inner col_align_top tb_col_count_1 tf_box tf_rel\">\n\t\t\t\t\t\t<div  data-lazy=\"1\" class=\"module_column tb-column col-full tb_hsd865 first\">\n\t\t\t\t\t\t\t<div  data-lazy=\"1\" class=\"module_subrow themify_builder_sub_row tf_w col_align_top tb_col_count_1 tb_gxuf738\">\n\t\t\t\t<div  data-lazy=\"1\" class=\"module_column sub_column col-full tb_7brn738 first\">\n\t\t\t\t\t<!-- module text -->\n<div  class=\"module module-text tb_sf8z725    wow\" data-tf-animation=\"fadeInUp\" data-lazy=\"1\">\n\t    <div  class=\"tb_text_wrap\">\n\t\t<h2>Ce qui fait notre ADN<\/h2>    <\/div>\n<\/div>\n<!-- \/module text -->\t\t<\/div>\n\t\t\t\t\t<\/div>\n\t\t\t\t<div  data-lazy=\"1\" class=\"module_subrow themify_builder_sub_row tf_w col_align_top tb_col_count_2 tb_k699725\">\n\t\t\t\t<div  data-lazy=\"1\" class=\"module_column sub_column col4-2 tb_f6j5725 first\">\n\t\t\t\t\t<!-- module image -->\n<div  class=\"module module-image tb_ggb1725 image-center   tf_mw wow\" data-tf-animation=\"fadeInRight\" data-lazy=\"1\">\n        <div class=\"image-wrap tf_rel tf_mw\">\n\t\t    <img loading=\"lazy\" decoding=\"async\" src=\"http:\/\/slatys.com\/wp-content\/uploads\/2024\/01\/recherche-1.png\" width=\"60\" height=\"512\" title=\"Int\u00e9grit\u00e9 et transparence\" alt=\"Ces valeurs fondamentales assurent une communication honn\u00eate, des relations bas\u00e9es sur la confiance et la garantie que chaque action est impr\u00e9gn\u00e9e d&#039;une \u00e9thique in\u00e9branlable. Cette approche renforce la qualit\u00e9 de nos partenariats et contribue \u00e0 des solutions durables, construites sur des bases fiables et transparentes.\">\t\n\t\t<\/div>\n\t<!-- \/image-wrap -->\n    \n    \t<div class=\"image-content\">\n\t    \t\t\t<h3 class=\"image-title\">\n\t\t\t\t\t\t\t\t\tInt\u00e9grit\u00e9 et transparence\t\t\t\t\t\t\t<\/h3>\n\t    \t    \t\t<div class=\"image-caption tb_text_wrap\">\n\t\t    Ces valeurs fondamentales assurent une communication honn\u00eate, des relations bas\u00e9es sur la confiance et la garantie que chaque action est impr\u00e9gn\u00e9e d&#8217;une \u00e9thique in\u00e9branlable. Cette approche renforce la qualit\u00e9 de nos partenariats et contribue \u00e0 des solutions durables, construites sur des bases fiables et transparentes.\t    <\/div>\n\t    <!-- \/image-caption -->\n\t    \t<\/div>\n\t<!-- \/image-content -->\n    \t<\/div>\n<!-- \/module image --><!-- module image -->\n<div  class=\"module module-image tb_yb2p301 image-center   tf_mw wow\" data-tf-animation=\"fadeInRight\" data-lazy=\"1\">\n        <div class=\"image-wrap tf_rel tf_mw\">\n\t\t    <img loading=\"lazy\" decoding=\"async\" src=\"http:\/\/slatys.com\/wp-content\/uploads\/2024\/01\/le-transfert-de-connaissances.png\" width=\"60\" height=\"60\" title=\"Transmission\" alt=\"La transmission des connaissances est une valeur cl\u00e9 chez SLATYS, d\u00e9di\u00e9e \u00e0 nourrir l\u2019innovation et l\u2019excellence continue. Nous nous engageons \u00e0 partager notre savoir-faire, \u00e0 guider vos \u00e9quipes et \u00e0 transmettre des connaissances cruciales, cr\u00e9ant ainsi un \u00e9cosyst\u00e8me o\u00f9 le partage de connaissances favorise la croissance et l\u2019autonomie.\">\t\n\t\t<\/div>\n\t<!-- \/image-wrap -->\n    \n    \t<div class=\"image-content\">\n\t    \t\t\t<h3 class=\"image-title\">\n\t\t\t\t\t\t\t\t\tTransmission\t\t\t\t\t\t\t<\/h3>\n\t    \t    \t\t<div class=\"image-caption tb_text_wrap\">\n\t\t    La transmission des connaissances est une valeur cl\u00e9 chez SLATYS, d\u00e9di\u00e9e \u00e0 nourrir l\u2019innovation et l\u2019excellence continue. Nous nous engageons \u00e0 partager notre savoir-faire, \u00e0 guider vos \u00e9quipes et \u00e0 transmettre des connaissances cruciales, cr\u00e9ant ainsi un \u00e9cosyst\u00e8me o\u00f9 le partage de connaissances favorise la croissance et l\u2019autonomie.\t    <\/div>\n\t    <!-- \/image-caption -->\n\t    \t<\/div>\n\t<!-- \/image-content -->\n    \t<\/div>\n<!-- \/module image -->\t\t<\/div>\n\t\t\t\t\t<div  data-lazy=\"1\" class=\"module_column sub_column col4-2 tb_krk3725 last\">\n\t\t\t\t\t<!-- module image -->\n<div  class=\"module module-image tb_vh1i725 image-center   tf_mw wow\" data-tf-animation=\"fadeInLeft\" data-lazy=\"1\">\n        <div class=\"image-wrap tf_rel tf_mw\">\n\t\t    <img loading=\"lazy\" decoding=\"async\" src=\"https:\/\/slatys.com\/wp-content\/uploads\/2024\/01\/copains-60x60.png\" width=\"60\" height=\"60\" class=\"wp-post-image wp-image-270\" title=\"Esprit d&#039;\u00e9quipe\" alt=\"En collaborant \u00e9troitement avec nos clients, nous cr\u00e9ons une synergie puissante o\u00f9 les id\u00e9es convergent et les comp\u00e9tences se compl\u00e8tent. Cette approche favorise une compr\u00e9hension approfondie des besoins du client, permettant une personnalisation maximale des solutions.\" srcset=\"https:\/\/slatys.com\/wp-content\/uploads\/2024\/01\/copains-60x60.png 60w, https:\/\/slatys.com\/wp-content\/uploads\/2024\/01\/copains-300x300.png 300w, https:\/\/slatys.com\/wp-content\/uploads\/2024\/01\/copains-150x150.png 150w, https:\/\/slatys.com\/wp-content\/uploads\/2024\/01\/copains.png 512w\" sizes=\"auto, (max-width: 60px) 100vw, 60px\" \/>\t\n\t\t<\/div>\n\t<!-- \/image-wrap -->\n    \n    \t<div class=\"image-content\">\n\t    \t\t\t<h3 class=\"image-title\">\n\t\t\t\t\t\t\t\t\tEsprit d'\u00e9quipe\t\t\t\t\t\t\t<\/h3>\n\t    \t    \t\t<div class=\"image-caption tb_text_wrap\">\n\t\t    En collaborant \u00e9troitement avec nos clients, nous cr\u00e9ons une synergie puissante o\u00f9 les id\u00e9es convergent et les comp\u00e9tences se compl\u00e8tent. Cette approche favorise une compr\u00e9hension approfondie des besoins du client, permettant une personnalisation maximale des solutions.\t    <\/div>\n\t    <!-- \/image-caption -->\n\t    \t<\/div>\n\t<!-- \/image-content -->\n    \t<\/div>\n<!-- \/module image --><!-- module image -->\n<div  class=\"module module-image tb_t1rs674 image-center   tf_mw wow\" data-tf-animation=\"fadeInRight\" data-lazy=\"1\">\n        <div class=\"image-wrap tf_rel tf_mw\">\n\t\t    <img loading=\"lazy\" decoding=\"async\" src=\"http:\/\/slatys.com\/wp-content\/uploads\/2024\/01\/process.png\" width=\"60\" height=\"60\" title=\"Organisation et process\" alt=\"En adoptant une approche m\u00e9thodique, nous assurons une ex\u00e9cution efficace de chaque projet, garantissant une qualit\u00e9 constante. Une organisation bien structur\u00e9e permet une gestion transparente des projets, optimisant ainsi les ressources, r\u00e9duisant les risques et assurant la r\u00e9alisation r\u00e9ussie des objectifs fix\u00e9s\">\t\n\t\t<\/div>\n\t<!-- \/image-wrap -->\n    \n    \t<div class=\"image-content\">\n\t    \t\t\t<h3 class=\"image-title\">\n\t\t\t\t\t\t\t\t\tOrganisation et process\t\t\t\t\t\t\t<\/h3>\n\t    \t    \t\t<div class=\"image-caption tb_text_wrap\">\n\t\t    En adoptant une approche m\u00e9thodique, nous assurons une ex\u00e9cution efficace de chaque projet, garantissant une qualit\u00e9 constante. Une organisation bien structur\u00e9e permet une gestion transparente des projets, optimisant ainsi les ressources, r\u00e9duisant les risques et assurant la r\u00e9alisation r\u00e9ussie des objectifs fix\u00e9s\t    <\/div>\n\t    <!-- \/image-caption -->\n\t    \t<\/div>\n\t<!-- \/image-content -->\n    \t<\/div>\n<!-- \/module image -->\t\t<\/div>\n\t\t\t\t\t<\/div>\n\t\t\t\t<\/div>\n\t\t\t\t\t\t<\/div>\n\t\t<\/div>\n\t\t<\/div>\n<!--\/themify_builder_content-->","protected":false},"excerpt":{"rendered":"<p>Nos valeurs<\/p>\n","protected":false},"author":1,"featured_media":0,"parent":0,"menu_order":0,"comment_status":"closed","ping_status":"closed","template":"","meta":{"footnotes":""},"class_list":["post-15","page","type-page","status-publish","hentry"],"builder_content":"<h1 style=\"text-align: center;\">Nos valeurs<\/h1>\n<p style=\"margin-bottom: 1.5em; padding: 0px; text-align: center;\">Nous croyons fermement que la&nbsp;r\u00e9ussite d\u2019une transformation IT est indissociable de l\u2019\u00e9volution organisationnelle, car l\u2019un ne va jamais sans l\u2019autre.<\/p> <p style=\"text-align: center; margin-bottom: 1.5em;\">Nous pla\u00e7ons l\u2019humain au centre&nbsp;de nos pr\u00e9occupations, reconnaissant que chaque collaborateur est une pi\u00e8ce ma\u00eetresse dans l\u2019ensemble complexe de votre organisation. Port\u00e9s par notre engagement \u00e0 guider, transmettre et accompagner vers la r\u00e9ussite, nous percevons chaque \u00e9tape comme une opportunit\u00e9 de&nbsp;renforcer vos \u00e9quipes.<\/p> <p style=\"text-align: center; margin-bottom: 1.5em;\">Parall\u00e8lement, nous accordons une&nbsp;attention particuli\u00e8re aux processus, consid\u00e9rant qu\u2019une optimisation efficace n\u00e9cessite une&nbsp;compr\u00e9hension approfondie&nbsp;des flux de travail et des m\u00e9thodes op\u00e9rationnelles.<\/p> <p style=\"text-align: center; margin-bottom: 1.5em;\">C\u2019est en fusionnant l\u2019aspect humain avec une analyse rigoureuse des processus que nous fa\u00e7onnons des solutions sur mesure pour votre transformation.<\/p>\n<h2>Ce qui fait notre ADN<\/h2>\n<img src=\"http:\/\/slatys.com\/wp-content\/uploads\/2024\/01\/recherche-1.png\" width=\"60\" height=\"512\" title=\"Int\u00e9grit\u00e9 et transparence\" alt=\"Ces valeurs fondamentales assurent une communication honn\u00eate, des relations bas\u00e9es sur la confiance et la garantie que chaque action est impr\u00e9gn\u00e9e d&#039;une \u00e9thique in\u00e9branlable. Cette approche renforce la qualit\u00e9 de nos partenariats et contribue \u00e0 des solutions durables, construites sur des bases fiables et transparentes.\"> <h3> Int\u00e9grit\u00e9 et transparence <\/h3> Ces valeurs fondamentales assurent une communication honn\u00eate, des relations bas\u00e9es sur la confiance et la garantie que chaque action est impr\u00e9gn\u00e9e d'une \u00e9thique in\u00e9branlable. Cette approche renforce la qualit\u00e9 de nos partenariats et contribue \u00e0 des solutions durables, construites sur des bases fiables et transparentes.\n<img src=\"http:\/\/slatys.com\/wp-content\/uploads\/2024\/01\/le-transfert-de-connaissances.png\" width=\"60\" height=\"60\" title=\"Transmission\" alt=\"La transmission des connaissances est une valeur cl\u00e9 chez SLATYS, d\u00e9di\u00e9e \u00e0 nourrir l\u2019innovation et l\u2019excellence continue. Nous nous engageons \u00e0 partager notre savoir-faire, \u00e0 guider vos \u00e9quipes et \u00e0 transmettre des connaissances cruciales, cr\u00e9ant ainsi un \u00e9cosyst\u00e8me o\u00f9 le partage de connaissances favorise la croissance et l\u2019autonomie.\"> <h3> Transmission <\/h3> La transmission des connaissances est une valeur cl\u00e9 chez SLATYS, d\u00e9di\u00e9e \u00e0 nourrir l\u2019innovation et l\u2019excellence continue. Nous nous engageons \u00e0 partager notre savoir-faire, \u00e0 guider vos \u00e9quipes et \u00e0 transmettre des connaissances cruciales, cr\u00e9ant ainsi un \u00e9cosyst\u00e8me o\u00f9 le partage de connaissances favorise la croissance et l\u2019autonomie.\n<img src=\"https:\/\/slatys.com\/wp-content\/uploads\/2024\/01\/copains-60x60.png\" width=\"60\" height=\"60\" title=\"Esprit d&#039;\u00e9quipe\" alt=\"En collaborant \u00e9troitement avec nos clients, nous cr\u00e9ons une synergie puissante o\u00f9 les id\u00e9es convergent et les comp\u00e9tences se compl\u00e8tent. Cette approche favorise une compr\u00e9hension approfondie des besoins du client, permettant une personnalisation maximale des solutions.\" srcset=\"https:\/\/slatys.com\/wp-content\/uploads\/2024\/01\/copains-60x60.png 60w, https:\/\/slatys.com\/wp-content\/uploads\/2024\/01\/copains-300x300.png 300w, https:\/\/slatys.com\/wp-content\/uploads\/2024\/01\/copains-150x150.png 150w, https:\/\/slatys.com\/wp-content\/uploads\/2024\/01\/copains.png 512w\" sizes=\"(max-width: 60px) 100vw, 60px\" \/> <h3> Esprit d'\u00e9quipe <\/h3> En collaborant \u00e9troitement avec nos clients, nous cr\u00e9ons une synergie puissante o\u00f9 les id\u00e9es convergent et les comp\u00e9tences se compl\u00e8tent. Cette approche favorise une compr\u00e9hension approfondie des besoins du client, permettant une personnalisation maximale des solutions.\n<img src=\"http:\/\/slatys.com\/wp-content\/uploads\/2024\/01\/process.png\" width=\"60\" height=\"60\" title=\"Organisation et process\" alt=\"En adoptant une approche m\u00e9thodique, nous assurons une ex\u00e9cution efficace de chaque projet, garantissant une qualit\u00e9 constante. Une organisation bien structur\u00e9e permet une gestion transparente des projets, optimisant ainsi les ressources, r\u00e9duisant les risques et assurant la r\u00e9alisation r\u00e9ussie des objectifs fix\u00e9s\"> <h3> Organisation et process <\/h3> En adoptant une approche m\u00e9thodique, nous assurons une ex\u00e9cution efficace de chaque projet, garantissant une qualit\u00e9 constante. Une organisation bien structur\u00e9e permet une gestion transparente des projets, optimisant ainsi les ressources, r\u00e9duisant les risques et assurant la r\u00e9alisation r\u00e9ussie des objectifs fix\u00e9s","_links":{"self":[{"href":"https:\/\/slatys.com\/index.php\/wp-json\/wp\/v2\/pages\/15","targetHints":{"allow":["GET"]}}],"collection":[{"href":"https:\/\/slatys.com\/index.php\/wp-json\/wp\/v2\/pages"}],"about":[{"href":"https:\/\/slatys.com\/index.php\/wp-json\/wp\/v2\/types\/page"}],"author":[{"embeddable":true,"href":"https:\/\/slatys.com\/index.php\/wp-json\/wp\/v2\/users\/1"}],"replies":[{"embeddable":true,"href":"https:\/\/slatys.com\/index.php\/wp-json\/wp\/v2\/comments?post=15"}],"version-history":[{"count":68,"href":"https:\/\/slatys.com\/index.php\/wp-json\/wp\/v2\/pages\/15\/revisions"}],"predecessor-version":[{"id":424,"href":"https:\/\/slatys.com\/index.php\/wp-json\/wp\/v2\/pages\/15\/revisions\/424"}],"wp:attachment":[{"href":"https:\/\/slatys.com\/index.php\/wp-json\/wp\/v2\/media?parent=15"}],"curies":[{"name":"wp","href":"https:\/\/api.w.org\/{rel}","templated":true}]}}