{"id":472,"date":"2024-01-15T11:08:52","date_gmt":"2024-01-15T10:08:52","guid":{"rendered":"https:\/\/slatys.com\/?page_id=472"},"modified":"2024-01-15T11:36:51","modified_gmt":"2024-01-15T10:36:51","slug":"mentions-legales","status":"publish","type":"page","link":"https:\/\/slatys.com\/index.php\/mentions-legales\/","title":{"rendered":"Mentions l\u00e9gales"},"content":{"rendered":"<!--themify_builder_content-->\n<div id=\"themify_builder_content-472\" data-postid=\"472\" class=\"themify_builder_content themify_builder_content-472 themify_builder tf_clear\">\n    \t\t\t\t<div  data-css_id=\"32nu505\" data-lazy=\"1\" class=\"module_row themify_builder_row fullwidth tb_32nu505 tb_first tf_w\">\n\t\t\t\t\t\t<div class=\"row_inner col_align_top tb_col_count_1 tf_box tf_rel\">\n\t\t\t\t\t\t<div  data-lazy=\"1\" class=\"module_column tb-column col-full tb_x06k506 first\">\n\t\t\t\t\t<!-- module text -->\n<div  class=\"module module-text tb_1zdm404   \" data-lazy=\"1\">\n\t    <div  class=\"tb_text_wrap\">\n\t\t<h1 style=\"text-align: center;\">Mentions l\u00e9gales<\/h1>    <\/div>\n<\/div>\n<!-- \/module text -->\t\t<\/div>\n\t\t\t\t\t\t<\/div>\n\t\t<\/div>\n\t\t\t\t\t\t<div  data-css_id=\"gw1h709\" data-lazy=\"1\" class=\"module_row themify_builder_row fullwidth tb_gw1h709 tf_w\">\n\t\t\t\t\t\t<div class=\"row_inner col_align_top tb_col_count_1 tf_box tf_rel\">\n\t\t\t\t\t\t<div  data-lazy=\"1\" class=\"module_column tb-column col-full tb_t9cb709 first\">\n\t\t\t\t\t\t\t<div  data-lazy=\"1\" class=\"module_subrow themify_builder_sub_row tf_w col_align_top tb_col_count_1 tb_e8op477\">\n\t\t\t\t<div  data-lazy=\"1\" class=\"module_column sub_column col-full tb_6r2g478 first\">\n\t\t\t\t\t<!-- module text -->\n<div  class=\"module module-text tb_ymxt948   \" data-lazy=\"1\">\n\t    <div  class=\"tb_text_wrap\">\n\t\t<p><strong>1. \u00c9diteur du Site :\u00a0<\/strong><\/p>\n<p>SLATYS &#8211; SASU au capital de 1000\u20ac,\u00a0SIREN 983167198,\u00a08 rue Voltaire , 34920 LE CRES, email : info@slatys.com<\/p>\n<p>\u00a0<\/p>\n<p><strong>2. Directeur de la Publication :<\/strong><\/p>\n<p>Ludivine JALLET<\/p>\n<p>\u00a0<\/p>\n<p><strong>3. H\u00e9bergement :<\/strong><\/p>\n<p>OVH &#8211; 2 rue kellermann BP 80157 59053 ROUBAIX CEDEX 1 &#8211; France<br>SAS au capital de 10 174 560,00 \u20ac &#8211; RCS LILLE METROPOLE 424 761 419 00045 &#8211; Code APE 2620Z &#8211; N\u00b0TVA FR22424761419<br>SIREN : 424 761 419<\/p>\n<p>\u00a0<\/p>\n<p><strong>4. Propri\u00e9t\u00e9 Intellectuelle :<\/strong><\/p>\n<p>Le contenu de ce site web, y compris les textes, images, graphiques, logos, et tout autre \u00e9l\u00e9ment, est la propri\u00e9t\u00e9 exclusive de SLATYS et est prot\u00e9g\u00e9 par les lois sur la propri\u00e9t\u00e9 intellectuelle. Toute reproduction ou utilisation non autoris\u00e9e de ces \u00e9l\u00e9ments est strictement interdite.<\/p>\n<p>\u00a0<\/p>\n<p><strong>5. Collecte de Donn\u00e9es Personnelles :<\/strong><\/p>\n<p>SLATYS s&#8217;engage \u00e0 prot\u00e9ger la confidentialit\u00e9 des donn\u00e9es personnelles collect\u00e9es sur ce site. Ces donn\u00e9es sont trait\u00e9es conform\u00e9ment \u00e0 la r\u00e9glementation en vigueur.<\/p>\n<p>\u00a0<\/p>\n<p><strong>6. Cookies :<\/strong><\/p>\n<p>Ce site utilise des cookies pour am\u00e9liorer l&#8217;exp\u00e9rience de navigation des utilisateurs. En continuant \u00e0 utiliser ce site, vous consentez \u00e0 l&#8217;utilisation de cookies.<\/p>\n<p>\u00a0<\/p>\n<p><strong>7. Liens Externes :<\/strong><\/p>\n<p>Ce site peut contenir des liens vers des sites web tiers. SLATYS d\u00e9cline toute responsabilit\u00e9 quant au contenu de ces sites externes.<\/p>\n<p>\u00a0<\/p>\n<p><strong>8. Responsabilit\u00e9 :<\/strong><\/p>\n<p>Bien que nous nous efforcions de fournir des informations pr\u00e9cises et \u00e0 jour, SLATYS d\u00e9cline toute responsabilit\u00e9 quant aux erreurs ou omissions pouvant survenir sur ce site.<\/p>\n<p>\u00a0<\/p>\n<p><strong>9. Contact :<\/strong><\/p>\n<p>Pour toute question ou pr\u00e9occupation concernant ces mentions l\u00e9gales, veuillez nous contacter \u00e0 l&#8217;adresse suivante : info@slatys.com.<\/p>\n<p>\u00a0<\/p>\n<p><strong>10. Droits d&#8217;Auteur des Images :<\/strong><\/p>\n<p>Les images utilis\u00e9es sur ce site sont prot\u00e9g\u00e9es par des droits d&#8217;auteur. Les droits d&#8217;utilisation et de reproduction sont r\u00e9serv\u00e9s et peuvent n\u00e9cessiter l&#8217;autorisation des d\u00e9tenteurs des droits. Pour plus d&#8217;informations sur les droits li\u00e9s aux images, veuillez consulter les liens suivants :<\/p>\n<ul>\n<li><a title=\"process icons\" href=\"https:\/\/www.flaticon.com\/free-icons\/process\">Process icons created by Freepik &#8211; Flaticon<\/a><\/li>\n<li><a title=\"le transfert de connaissances ic\u00f4nes\" href=\"https:\/\/www.flaticon.com\/fr\/icones-gratuites\/le-transfert-de-connaissances\">Le transfert de connaissances ic\u00f4nes cr\u00e9\u00e9es par Nuricon &#8211; Flaticon<\/a><\/li>\n<li><a title=\"equipe ic\u00f4nes\" href=\"https:\/\/www.flaticon.com\/fr\/icones-gratuites\/equipe\">Equipe ic\u00f4nes cr\u00e9\u00e9es par Freepik &#8211; Flaticon<\/a><\/li>\n<li><a title=\"copains ic\u00f4nes\" href=\"https:\/\/www.flaticon.com\/fr\/icones-gratuites\/copains\">Copains ic\u00f4nes cr\u00e9\u00e9es par Sumitsaengtong &#8211; Flaticon<\/a><\/li>\n<li><a title=\"transparent ic\u00f4nes\" href=\"https:\/\/www.flaticon.com\/fr\/icones-gratuites\/transparent\">Transparent ic\u00f4nes cr\u00e9\u00e9es par Pop Vectors &#8211; Flaticon<\/a><\/li>\n<li><a title=\"affaires et finances ic\u00f4nes\" href=\"https:\/\/www.flaticon.com\/fr\/icones-gratuites\/affaires-et-finances\">Affaires et finances ic\u00f4nes cr\u00e9\u00e9es par VectorPortal &#8211; Flaticon<\/a><\/li>\n<li><a title=\"en traitement ic\u00f4nes\" href=\"https:\/\/www.flaticon.com\/fr\/icones-gratuites\/en-traitement\">En traitement ic\u00f4nes cr\u00e9\u00e9es par Maan Icons &#8211; Flaticon<\/a><\/li>\n<li><a title=\"360 ic\u00f4nes\" href=\"https:\/\/www.flaticon.com\/fr\/icones-gratuites\/360\">360 ic\u00f4nes cr\u00e9\u00e9es par Freepik &#8211; Flaticon<\/a><\/li>\n<li><a title=\"position ic\u00f4nes\" href=\"https:\/\/www.flaticon.com\/fr\/icones-gratuites\/position\">Position ic\u00f4nes cr\u00e9\u00e9es par Ahmad Yafie &#8211; Flaticon<\/a><\/li>\n<li><a title=\"course en ligne ic\u00f4nes\" href=\"https:\/\/www.flaticon.com\/fr\/icones-gratuites\/course-en-ligne\">Course en ligne ic\u00f4nes cr\u00e9\u00e9es par Team Iconify &#8211; Flaticon<\/a><\/li>\n<li><a title=\"souplesse ic\u00f4nes\" href=\"https:\/\/www.flaticon.com\/fr\/icones-gratuites\/souplesse\">Souplesse ic\u00f4nes cr\u00e9\u00e9es par Muhammad Atif &#8211; Flaticon<\/a><\/li>\n<li><a title=\"erp ic\u00f4nes\" href=\"https:\/\/www.flaticon.com\/fr\/icones-gratuites\/erp\">Erp ic\u00f4nes cr\u00e9\u00e9es par Freepik &#8211; Flaticon<\/a><\/li>\n<li><a title=\"service clients ic\u00f4nes\" href=\"https:\/\/www.flaticon.com\/fr\/icones-gratuites\/service-clients\">Service clients ic\u00f4nes cr\u00e9\u00e9es par Eucalyp &#8211; Flaticon<\/a><\/li>\n<\/ul>    <\/div>\n<\/div>\n<!-- \/module text -->\t\t<\/div>\n\t\t\t\t\t<\/div>\n\t\t\t\t<\/div>\n\t\t\t\t\t\t<\/div>\n\t\t<\/div>\n\t\t<\/div>\n<!--\/themify_builder_content-->","protected":false},"excerpt":{"rendered":"<p>Mentions l\u00e9gales<\/p>\n","protected":false},"author":1,"featured_media":0,"parent":0,"menu_order":0,"comment_status":"closed","ping_status":"closed","template":"","meta":{"footnotes":""},"class_list":["post-472","page","type-page","status-publish","hentry"],"builder_content":"<h1 style=\"text-align: center;\">Mentions l\u00e9gales<\/h1>\n<p><strong>1. \u00c9diteur du Site :\u00a0<\/strong><\/p> <p>SLATYS - SASU au capital de 1000\u20ac,\u00a0SIREN 983167198,\u00a08 rue Voltaire , 34920 LE CRES, email : info@slatys.com<\/p> <p>\u00a0<\/p> <p><strong>2. Directeur de la Publication :<\/strong><\/p> <p>Ludivine JALLET<\/p> <p>\u00a0<\/p> <p><strong>3. H\u00e9bergement :<\/strong><\/p> <p>OVH - 2 rue kellermann BP 80157 59053 ROUBAIX CEDEX 1 - France<br>SAS au capital de 10 174 560,00 \u20ac - RCS LILLE METROPOLE 424 761 419 00045 - Code APE 2620Z - N\u00b0TVA FR22424761419<br>SIREN : 424 761 419<\/p> <p>\u00a0<\/p> <p><strong>4. Propri\u00e9t\u00e9 Intellectuelle :<\/strong><\/p> <p>Le contenu de ce site web, y compris les textes, images, graphiques, logos, et tout autre \u00e9l\u00e9ment, est la propri\u00e9t\u00e9 exclusive de SLATYS et est prot\u00e9g\u00e9 par les lois sur la propri\u00e9t\u00e9 intellectuelle. Toute reproduction ou utilisation non autoris\u00e9e de ces \u00e9l\u00e9ments est strictement interdite.<\/p> <p>\u00a0<\/p> <p><strong>5. Collecte de Donn\u00e9es Personnelles :<\/strong><\/p> <p>SLATYS s'engage \u00e0 prot\u00e9ger la confidentialit\u00e9 des donn\u00e9es personnelles collect\u00e9es sur ce site. Ces donn\u00e9es sont trait\u00e9es conform\u00e9ment \u00e0 la r\u00e9glementation en vigueur.<\/p> <p>\u00a0<\/p> <p><strong>6. Cookies :<\/strong><\/p> <p>Ce site utilise des cookies pour am\u00e9liorer l'exp\u00e9rience de navigation des utilisateurs. En continuant \u00e0 utiliser ce site, vous consentez \u00e0 l'utilisation de cookies.<\/p> <p>\u00a0<\/p> <p><strong>7. Liens Externes :<\/strong><\/p> <p>Ce site peut contenir des liens vers des sites web tiers. SLATYS d\u00e9cline toute responsabilit\u00e9 quant au contenu de ces sites externes.<\/p> <p>\u00a0<\/p> <p><strong>8. Responsabilit\u00e9 :<\/strong><\/p> <p>Bien que nous nous efforcions de fournir des informations pr\u00e9cises et \u00e0 jour, SLATYS d\u00e9cline toute responsabilit\u00e9 quant aux erreurs ou omissions pouvant survenir sur ce site.<\/p> <p>\u00a0<\/p> <p><strong>9. Contact :<\/strong><\/p> <p>Pour toute question ou pr\u00e9occupation concernant ces mentions l\u00e9gales, veuillez nous contacter \u00e0 l'adresse suivante : info@slatys.com.<\/p> <p>\u00a0<\/p> <p><strong>10. Droits d'Auteur des Images :<\/strong><\/p> <p>Les images utilis\u00e9es sur ce site sont prot\u00e9g\u00e9es par des droits d'auteur. Les droits d'utilisation et de reproduction sont r\u00e9serv\u00e9s et peuvent n\u00e9cessiter l'autorisation des d\u00e9tenteurs des droits. Pour plus d'informations sur les droits li\u00e9s aux images, veuillez consulter les liens suivants :<\/p> <ul> <li><a title=\"process icons\" href=\"https:\/\/www.flaticon.com\/free-icons\/process\">Process icons created by Freepik - Flaticon<\/a><\/li> <li><a title=\"le transfert de connaissances ic\u00f4nes\" href=\"https:\/\/www.flaticon.com\/fr\/icones-gratuites\/le-transfert-de-connaissances\">Le transfert de connaissances ic\u00f4nes cr\u00e9\u00e9es par Nuricon - Flaticon<\/a><\/li> <li><a title=\"equipe ic\u00f4nes\" href=\"https:\/\/www.flaticon.com\/fr\/icones-gratuites\/equipe\">Equipe ic\u00f4nes cr\u00e9\u00e9es par Freepik - Flaticon<\/a><\/li> <li><a title=\"copains ic\u00f4nes\" href=\"https:\/\/www.flaticon.com\/fr\/icones-gratuites\/copains\">Copains ic\u00f4nes cr\u00e9\u00e9es par Sumitsaengtong - Flaticon<\/a><\/li> <li><a title=\"transparent ic\u00f4nes\" href=\"https:\/\/www.flaticon.com\/fr\/icones-gratuites\/transparent\">Transparent ic\u00f4nes cr\u00e9\u00e9es par Pop Vectors - Flaticon<\/a><\/li> <li><a title=\"affaires et finances ic\u00f4nes\" href=\"https:\/\/www.flaticon.com\/fr\/icones-gratuites\/affaires-et-finances\">Affaires et finances ic\u00f4nes cr\u00e9\u00e9es par VectorPortal - Flaticon<\/a><\/li> <li><a title=\"en traitement ic\u00f4nes\" href=\"https:\/\/www.flaticon.com\/fr\/icones-gratuites\/en-traitement\">En traitement ic\u00f4nes cr\u00e9\u00e9es par Maan Icons - Flaticon<\/a><\/li> <li><a title=\"360 ic\u00f4nes\" href=\"https:\/\/www.flaticon.com\/fr\/icones-gratuites\/360\">360 ic\u00f4nes cr\u00e9\u00e9es par Freepik - Flaticon<\/a><\/li> <li><a title=\"position ic\u00f4nes\" href=\"https:\/\/www.flaticon.com\/fr\/icones-gratuites\/position\">Position ic\u00f4nes cr\u00e9\u00e9es par Ahmad Yafie - Flaticon<\/a><\/li> <li><a title=\"course en ligne ic\u00f4nes\" href=\"https:\/\/www.flaticon.com\/fr\/icones-gratuites\/course-en-ligne\">Course en ligne ic\u00f4nes cr\u00e9\u00e9es par Team Iconify - Flaticon<\/a><\/li> <li><a title=\"souplesse ic\u00f4nes\" href=\"https:\/\/www.flaticon.com\/fr\/icones-gratuites\/souplesse\">Souplesse ic\u00f4nes cr\u00e9\u00e9es par Muhammad Atif - Flaticon<\/a><\/li> <li><a title=\"erp ic\u00f4nes\" href=\"https:\/\/www.flaticon.com\/fr\/icones-gratuites\/erp\">Erp ic\u00f4nes cr\u00e9\u00e9es par Freepik - Flaticon<\/a><\/li> <li><a title=\"service clients ic\u00f4nes\" href=\"https:\/\/www.flaticon.com\/fr\/icones-gratuites\/service-clients\">Service clients ic\u00f4nes cr\u00e9\u00e9es par Eucalyp - Flaticon<\/a><\/li> <\/ul>","_links":{"self":[{"href":"https:\/\/slatys.com\/index.php\/wp-json\/wp\/v2\/pages\/472","targetHints":{"allow":["GET"]}}],"collection":[{"href":"https:\/\/slatys.com\/index.php\/wp-json\/wp\/v2\/pages"}],"about":[{"href":"https:\/\/slatys.com\/index.php\/wp-json\/wp\/v2\/types\/page"}],"author":[{"embeddable":true,"href":"https:\/\/slatys.com\/index.php\/wp-json\/wp\/v2\/users\/1"}],"replies":[{"embeddable":true,"href":"https:\/\/slatys.com\/index.php\/wp-json\/wp\/v2\/comments?post=472"}],"version-history":[{"count":5,"href":"https:\/\/slatys.com\/index.php\/wp-json\/wp\/v2\/pages\/472\/revisions"}],"predecessor-version":[{"id":477,"href":"https:\/\/slatys.com\/index.php\/wp-json\/wp\/v2\/pages\/472\/revisions\/477"}],"wp:attachment":[{"href":"https:\/\/slatys.com\/index.php\/wp-json\/wp\/v2\/media?parent=472"}],"curies":[{"name":"wp","href":"https:\/\/api.w.org\/{rel}","templated":true}]}}